{"id":406,"date":"2014-06-09T02:59:29","date_gmt":"2014-06-09T02:59:29","guid":{"rendered":"http:\/\/nmt82.joomexp.com\/wp-nuvo\/?page_id=5"},"modified":"2025-04-17T10:29:06","modified_gmt":"2025-04-17T08:29:06","slug":"chisiamo","status":"publish","type":"page","link":"http:\/\/www.sacardigaesupisci.com\/de\/chisiamo\/","title":{"rendered":"chi siamo"},"content":{"rendered":"<p>[vc_row full_width=&#8220;true&#8220; type=&#8220;ww-custom&#8220; bg_video_color=&#8220;#000000&#8243; bg_video_transparent=&#8220;0.3&#8243; css=&#8220;.vc_custom_1487168078489{margin-top: -50px !important;padding-top: 200px !important;padding-bottom: 200px !important;background-image: url(http:\/\/www.sacardigaesupisci.com\/wp\/wp-content\/uploads\/2014\/06\/staff.jpg?id=1842) !important;background-position: center !important;background-repeat: no-repeat !important;background-size: cover !important;}&#8220;][vc_column][vc_column_text]<\/p>\n<h1 style=\"text-align: center; padding-bottom: 15px;\"><\/h1>\n<h1 style=\"text-align: center; padding-bottom: 15px;\">Il nostro Staff<\/h1>\n<p style=\"text-align: center; color: #ddd; font-size: 24px;\">In cucina per voi dal 1960&#8230;<\/p>\n<p>[\/vc_column_text][\/vc_column][\/vc_row][vc_row css=&#8220;.vc_custom_1411468502120{padding-top: 80px !important;padding-bottom: 80px !important;}&#8220;][vc_column width=&#8220;1\/2&#8243;][vc_column_text]<\/p>\n<h1 style=\"font-size: 58px; line-height: 66px;\">Ci presentiamo&#8230;<\/h1>\n<p>La Nostra Storia inizia nel lontano 1979, quando una giovane coppia, Franco e Anna decide di fare una scommessa: aprire uno dei primi locali nell\u2019ancora sconosciuta Costa Rei.<\/p>\n<p>Forti dell\u2019insegnamento avuto nella vecchia locanda di famiglia, riportano a Costa Rei gli antichi gusti e le tradizioni tramandate dalle generazioni passate.<\/p>\n<p>Nel frattempo anche la figlia Federica con il suo giovane sposo Thomas dedicano i loro sacrifici a questo locale, il quale negli anni rende sempre pi\u00f9 soddisfazioni e cresce sempre pi\u00f9 in qualit\u00e0.<\/p>\n<p>Nel 2011 inizia la partecipazione attiva anche dell\u2019 allora 16enne Mattia nella cucina del \u201cSa Cardiga e Su Pisci\u201d. Negli anni Mattia ha imparato i trucchi e segreti della cucina tradizionale e in seguito li ha perfezionati frequentando un\u2019alta scuola di cucina dando cos\u00ec al Ristorante una piccola grande svolta.<\/p>\n<p>Da allora fu sempre pi\u00f9 possibile la lavorazione di prodotti sempre pi\u00f9 freschi, elaborati ed equilibrati nei sapori, facendo per\u00f2 massima attenzione a preservare nei piatti gli originali sapori dell\u2019ottima materia prima che il nostro mare e la nostra terra ci offre.<\/p>\n<p>Negli anni a seguire anche la seconda figlia Ilenia inizia a dedicarsi al Ristorante di famiglia.<\/p>\n<p>[\/vc_column_text][\/vc_column][vc_column width=&#8220;1\/2&#8243;][vc_single_image image=&#8220;1846&#8243; img_size=&#8220;533 \u00d7 595&#8243; alignment=&#8220;center&#8220;][\/vc_column][\/vc_row][vc_row full_width=&#8220;true&#8220; type=&#8220;ww-custom&#8220; enable_parallax=&#8220;false&#8220; bg_video_color=&#8220;#000000&#8243; bg_video_transparent=&#8220;0.6&#8243; css=&#8220;.vc_custom_1485001741930{padding-top: 150px !important;padding-bottom: 150px !important;background-image: url(http:\/\/www.sacardigaesupisci.com\/wp\/wp-content\/uploads\/2017\/01\/MG_7409.jpg?id=1663) !important;}&#8220;][vc_column][vc_column_text]<\/p>\n<h1 style=\"text-align: center; padding-bottom: 15px; font-size: 78px;\">Materie Prime di Qualit\u00e0<\/h1>\n<p style=\"text-align: center; color: #ffffff; font-size: 24px;\">Costantemente alla ricerca dell&#8217;eccellenza<\/p>\n<p>[\/vc_column_text][\/vc_column][\/vc_row][vc_row css=&#8220;.vc_custom_1411468502120{padding-top: 80px !important;padding-bottom: 80px !important;}&#8220;][vc_column width=&#8220;1\/2&#8243;][vc_single_image image=&#8220;1667&#8243; img_size=&#8220;533 \u00d7 595&#8243; alignment=&#8220;center&#8220;][\/vc_column][vc_column width=&#8220;1\/2&#8243;][vc_column_text]<\/p>\n<h1 style=\"font-size: 58px; line-height: 66px;\">La nostra filosofia: prima di tutto la qualit\u00e0 del cibo<\/h1>\n<p>Sin dalle origini della Nostra cucina la parola d\u2019orine \u00e8 stata \u201cFreschezza\u201d e oggi questa parola vi risuona pi\u00f9 che mai, nelle sue mille sfaccettature.<\/p>\n<p>Grazie alle nuove tecnologie presenti nella nostra cucina riusciamo a garantire ai nostri ospiti un pesce freschissimo e di prima scelta.<\/p>\n<p>Per preservare i nostri standard di \u201cFreschezza\u201d ci affidiamo alla scelta in prima persona della materia prima, acquistando il pescato alle 3 del mattino e direttamente dai pescatori, garantendo dunque la sua massima qualit\u00e0.<\/p>\n<p>Il pescato fresco gode nel nostro men\u00f9 di una larga proposta che lo vede presentato in svariati modi, da Crudo, a Cotto in Bassa Temperatura, o una classica cottura alla Griglia.<\/p>\n<p>Non meno importante \u00e8 la nostra selezione di Carni che vanta la presenza in men\u00f9 del Bue Rosso, servito modo naturale, affinch\u00e9 si possa apprezzare il suo sapore intenso dato dal suo esclusivo allevamento allo stato brado.[\/vc_column_text][\/vc_column][\/vc_row][vc_row css=&#8220;.vc_custom_1411468502120{padding-top: 80px !important;padding-bottom: 80px !important;}&#8220;][vc_column width=&#8220;1\/2&#8243;][vc_single_image image=&#8220;1848&#8243; img_size=&#8220;533 \u00d7 595&#8243; alignment=&#8220;center&#8220;][\/vc_column][vc_column width=&#8220;1\/2&#8243;][vc_column_text]<\/p>\n<h1 style=\"font-size: 58px; line-height: 66px;\">Lo Staff<\/h1>\n<p>Il \u201cSa Cardiga e Su Pisci\u201d ci piace definirlo un ristorante a gestione familiare, in quanto ogni membro della famiglia ha un ruolo chiave all\u2019interno di esso.<\/p>\n<p>Franco ha uno dei ruoli pi\u00f9 importanti: l\u2019acquisto della materia prima. La sua pluridecennale esperienza nel settore e la sua forte passione per il suo lavoro lo portano a svolgere all\u2019interno dell\u2019attivit\u00e0 questo ruolo delicatissimo ma non sempre semplice. Tutto il pescato fresco arriva di primissima mattina nelle Cucine dove il giovane Chef Mattia con la sua squadra si apprestano alla sua trasformazione nel rispetto della freschezza e con l\u2019obbiettivo di servire ai suoi commensali gli stessi profumi, sapori ed emozioni che si provano degustando i sapori del nostro mare.<\/p>\n<p>Da qui in poi un compito altrettanto delicato lo svolgono Thomas e Federica con l\u2019ausilio della giovane Ilenia, che vi accolcono nella Nostra sala, coccolandovi e consigliandovi pietanze e vini per rendere la vostra serata il pi\u00f9 piacevole possibile.[\/vc_column_text][\/vc_column][\/vc_row][vc_row css=&#8220;.vc_custom_1411468502120{padding-top: 80px !important;padding-bottom: 80px !important;}&#8220;][vc_column width=&#8220;1\/2&#8243;][vc_single_image image=&#8220;1855&#8243; img_size=&#8220;533 \u00d7 595&#8243; alignment=&#8220;center&#8220;][\/vc_column][vc_column width=&#8220;1\/2&#8243;][vc_column_text]<\/p>\n<h1 style=\"font-size: 58px; line-height: 66px;\">Lo Chef<\/h1>\n<p>La storia di Mattia inizia sin da piccolo, partecipando al mercato ittico con il nonno (Franco) poi, un po\u2019 per esigenza, un po\u2019 per curiosit\u00e0, si avventura all\u2019et\u00e0 di 16 anni nel mondo della cucina.<\/p>\n<p>Grazie all\u2019affiancamento dell\u2019allora chef di Cucina e della nonna (Anna) inizia la fase del suo apprendimento che nel corso degli anni si sviluppa sino a spingerlo a frequentare una Scuola di Alta Cucina che lo porta anche a fare delle importantissime esperienze in locali Stellati in Italia.<\/p>\n<p>Dedito alla sua Cucina e all\u2019attivit\u00e0 di famiglia, dedica gran parte del suo tempo a creare e trasformare nel miglior modo possibile le grandissime materie prime di cui dispone, grazie anche ad una costante collaborazione con allevatori, pescatori e contadini.<\/p>\n<p>Il suo unico obbiettivo e quello della sua squadra \u00e8 quello di trasmettere ai suoi ospiti i sapori della tradizione in chiave moderna.[\/vc_column_text][\/vc_column][\/vc_row]<\/p>\n","protected":false},"excerpt":{"rendered":"<p>[vc_row full_width=&#8220;true&#8220; type=&#8220;ww-custom&#8220; bg_video_color=&#8220;#000000&#8243; bg_video_transparent=&#8220;0.3&#8243; css=&#8220;.vc_custom_1487168078489{margin-top: -50px !important;padding-top: 200px !important;padding-bottom: 200px !important;background-image: url(http:\/\/www.sacardigaesupisci.com\/wp\/wp-content\/uploads\/2014\/06\/staff.jpg?id=1842) !important;background-position: center !important;background-repeat: no-repeat !important;background-size: cover !important;}&#8220;][vc_column][vc_column_text] Il nostro Staff In cucina per voi dal 1960&#8230; [\/vc_column_text][\/vc_column][\/vc_row][vc_row css=&#8220;.vc_custom_1411468502120{padding-top: 80px !important;padding-bottom: 80px !important;}&#8220;][vc_column width=&#8220;1\/2&#8243;][vc_column_text] Ci presentiamo&#8230; La Nostra Storia inizia nel lontano 1979, quando una giovane coppia, Franco e Anna decide di fare [&hellip;]<\/p>\n","protected":false},"author":1,"featured_media":1667,"parent":0,"menu_order":0,"comment_status":"closed","ping_status":"open","template":"","meta":{"footnotes":""},"_links":{"self":[{"href":"http:\/\/www.sacardigaesupisci.com\/de\/wp-json\/wp\/v2\/pages\/406"}],"collection":[{"href":"http:\/\/www.sacardigaesupisci.com\/de\/wp-json\/wp\/v2\/pages"}],"about":[{"href":"http:\/\/www.sacardigaesupisci.com\/de\/wp-json\/wp\/v2\/types\/page"}],"author":[{"embeddable":true,"href":"http:\/\/www.sacardigaesupisci.com\/de\/wp-json\/wp\/v2\/users\/1"}],"replies":[{"embeddable":true,"href":"http:\/\/www.sacardigaesupisci.com\/de\/wp-json\/wp\/v2\/comments?post=406"}],"version-history":[{"count":58,"href":"http:\/\/www.sacardigaesupisci.com\/de\/wp-json\/wp\/v2\/pages\/406\/revisions"}],"predecessor-version":[{"id":3112,"href":"http:\/\/www.sacardigaesupisci.com\/de\/wp-json\/wp\/v2\/pages\/406\/revisions\/3112"}],"wp:featuredmedia":[{"embeddable":true,"href":"http:\/\/www.sacardigaesupisci.com\/de\/wp-json\/wp\/v2\/media\/1667"}],"wp:attachment":[{"href":"http:\/\/www.sacardigaesupisci.com\/de\/wp-json\/wp\/v2\/media?parent=406"}],"curies":[{"name":"wp","href":"https:\/\/api.w.org\/{rel}","templated":true}]}}

<p>[vc_row full_width=&#8220;true&#8220; type=&#8220;ww-custom&#8220; bg_video_color=&#8220;#000000&#8243; bg_video_transparent=&#8220;0.3&#8243; css=&#8220;.vc_custom_1487168078489{margin-top: -50px !important;padding-top: 200px !important;padding-bottom: 200px !important;background-image: url(http://www.sacardigaesupisci.com/wp/wp-content/uploads/2014/06/staff.jpg?id=1842) !important;background-position: center !important;background-repeat: no-repeat !important;background-size: cover !important;}&#8220;][vc_column][vc_column_text]</p>
<h1 style="text-align: center; padding-bottom: 15px;"></h1>
<h1 style="text-align: center; padding-bottom: 15px;">Il nostro Staff</h1>
<p style="text-align: center; color: #ddd; font-size: 24px;">In cucina per voi dal 1960&#8230;</p>
<p>[/vc_column_text][/vc_column][/vc_row][vc_row css=&#8220;.vc_custom_1411468502120{padding-top: 80px !important;padding-bottom: 80px !important;}&#8220;][vc_column width=&#8220;1/2&#8243;][vc_column_text]</p>
<h1 style="font-size: 58px; line-height: 66px;">Ci presentiamo&#8230;</h1>
<p>La Nostra Storia inizia nel lontano 1979, quando una giovane coppia, Franco e Anna decide di fare una scommessa: aprire uno dei primi locali nell’ancora sconosciuta Costa Rei.</p>
<p>Forti dell’insegnamento avuto nella vecchia locanda di famiglia, riportano a Costa Rei gli antichi gusti e le tradizioni tramandate dalle generazioni passate.</p>
<p>Nel frattempo anche la figlia Federica con il suo giovane sposo Thomas dedicano i loro sacrifici a questo locale, il quale negli anni rende sempre più soddisfazioni e cresce sempre più in qualità.</p>
<p>Nel 2011 inizia la partecipazione attiva anche dell’ allora 16enne Mattia nella cucina del “Sa Cardiga e Su Pisci”. Negli anni Mattia ha imparato i trucchi e segreti della cucina tradizionale e in seguito li ha perfezionati frequentando un’alta scuola di cucina dando così al Ristorante una piccola grande svolta.</p>
<p>Da allora fu sempre più possibile la lavorazione di prodotti sempre più freschi, elaborati ed equilibrati nei sapori, facendo però massima attenzione a preservare nei piatti gli originali sapori dell’ottima materia prima che il nostro mare e la nostra terra ci offre.</p>
<p>Negli anni a seguire anche la seconda figlia Ilenia inizia a dedicarsi al Ristorante di famiglia.</p>
<p>[/vc_column_text][/vc_column][vc_column width=&#8220;1/2&#8243;][vc_single_image image=&#8220;1846&#8243; img_size=&#8220;533 × 595&#8243; alignment=&#8220;center&#8220;][/vc_column][/vc_row][vc_row full_width=&#8220;true&#8220; type=&#8220;ww-custom&#8220; enable_parallax=&#8220;false&#8220; bg_video_color=&#8220;#000000&#8243; bg_video_transparent=&#8220;0.6&#8243; css=&#8220;.vc_custom_1485001741930{padding-top: 150px !important;padding-bottom: 150px !important;background-image: url(http://www.sacardigaesupisci.com/wp/wp-content/uploads/2017/01/MG_7409.jpg?id=1663) !important;}&#8220;][vc_column][vc_column_text]</p>
<h1 style="text-align: center; padding-bottom: 15px; font-size: 78px;">Materie Prime di Qualità</h1>
<p style="text-align: center; color: #ffffff; font-size: 24px;">Costantemente alla ricerca dell&#8217;eccellenza</p>
<p>[/vc_column_text][/vc_column][/vc_row][vc_row css=&#8220;.vc_custom_1411468502120{padding-top: 80px !important;padding-bottom: 80px !important;}&#8220;][vc_column width=&#8220;1/2&#8243;][vc_single_image image=&#8220;1667&#8243; img_size=&#8220;533 × 595&#8243; alignment=&#8220;center&#8220;][/vc_column][vc_column width=&#8220;1/2&#8243;][vc_column_text]</p>
<h1 style="font-size: 58px; line-height: 66px;">La nostra filosofia: prima di tutto la qualità del cibo</h1>
<p>Sin dalle origini della Nostra cucina la parola d’orine è stata “Freschezza” e oggi questa parola vi risuona più che mai, nelle sue mille sfaccettature.</p>
<p>Grazie alle nuove tecnologie presenti nella nostra cucina riusciamo a garantire ai nostri ospiti un pesce freschissimo e di prima scelta.</p>
<p>Per preservare i nostri standard di “Freschezza” ci affidiamo alla scelta in prima persona della materia prima, acquistando il pescato alle 3 del mattino e direttamente dai pescatori, garantendo dunque la sua massima qualità.</p>
<p>Il pescato fresco gode nel nostro menù di una larga proposta che lo vede presentato in svariati modi, da Crudo, a Cotto in Bassa Temperatura, o una classica cottura alla Griglia.</p>
<p>Non meno importante è la nostra selezione di Carni che vanta la presenza in menù del Bue Rosso, servito modo naturale, affinché si possa apprezzare il suo sapore intenso dato dal suo esclusivo allevamento allo stato brado.[/vc_column_text][/vc_column][/vc_row][vc_row css=&#8220;.vc_custom_1411468502120{padding-top: 80px !important;padding-bottom: 80px !important;}&#8220;][vc_column width=&#8220;1/2&#8243;][vc_single_image image=&#8220;1848&#8243; img_size=&#8220;533 × 595&#8243; alignment=&#8220;center&#8220;][/vc_column][vc_column width=&#8220;1/2&#8243;][vc_column_text]</p>
<h1 style="font-size: 58px; line-height: 66px;">Lo Staff</h1>
<p>Il “Sa Cardiga e Su Pisci” ci piace definirlo un ristorante a gestione familiare, in quanto ogni membro della famiglia ha un ruolo chiave all’interno di esso.</p>
<p>Franco ha uno dei ruoli più importanti: l’acquisto della materia prima. La sua pluridecennale esperienza nel settore e la sua forte passione per il suo lavoro lo portano a svolgere all’interno dell’attività questo ruolo delicatissimo ma non sempre semplice. Tutto il pescato fresco arriva di primissima mattina nelle Cucine dove il giovane Chef Mattia con la sua squadra si apprestano alla sua trasformazione nel rispetto della freschezza e con l’obbiettivo di servire ai suoi commensali gli stessi profumi, sapori ed emozioni che si provano degustando i sapori del nostro mare.</p>
<p>Da qui in poi un compito altrettanto delicato lo svolgono Thomas e Federica con l’ausilio della giovane Ilenia, che vi accolcono nella Nostra sala, coccolandovi e consigliandovi pietanze e vini per rendere la vostra serata il più piacevole possibile.[/vc_column_text][/vc_column][/vc_row][vc_row css=&#8220;.vc_custom_1411468502120{padding-top: 80px !important;padding-bottom: 80px !important;}&#8220;][vc_column width=&#8220;1/2&#8243;][vc_single_image image=&#8220;1855&#8243; img_size=&#8220;533 × 595&#8243; alignment=&#8220;center&#8220;][/vc_column][vc_column width=&#8220;1/2&#8243;][vc_column_text]</p>
<h1 style="font-size: 58px; line-height: 66px;">Lo Chef</h1>
<p>La storia di Mattia inizia sin da piccolo, partecipando al mercato ittico con il nonno (Franco) poi, un po’ per esigenza, un po’ per curiosità, si avventura all’età di 16 anni nel mondo della cucina.</p>
<p>Grazie all’affiancamento dell’allora chef di Cucina e della nonna (Anna) inizia la fase del suo apprendimento che nel corso degli anni si sviluppa sino a spingerlo a frequentare una Scuola di Alta Cucina che lo porta anche a fare delle importantissime esperienze in locali Stellati in Italia.</p>
<p>Dedito alla sua Cucina e all’attività di famiglia, dedica gran parte del suo tempo a creare e trasformare nel miglior modo possibile le grandissime materie prime di cui dispone, grazie anche ad una costante collaborazione con allevatori, pescatori e contadini.</p>
<p>Il suo unico obbiettivo e quello della sua squadra è quello di trasmettere ai suoi ospiti i sapori della tradizione in chiave moderna.[/vc_column_text][/vc_column][/vc_row]</p>
